he remainder when 5404 is divided by 1737?
193
What is the remainder when 38408 is divided by 526?
10
What is the remainder when 355389 is divided by 274?
11
What is the remainder when 120890 is divided by 3?
2
Calculate the remainder when 6350 is divided by 42.
8
What is the remainder when 37365 is divided by 279?
258
Calculate the remainder when 3659 is divided by 11.
7
Calculate the remainder when 13085 is divided by 13074.
11
What is the remainder when 322235 is divided by 14?
11
What is the remainder when 2268884 is divided by 756292?
8
Calculate the remainder when 12901 is divided by 1877.
1639
Calculate the remainder when 33454 is divided by 5.
4
What is the remainder when 12406 is divided by 64?
54
Calculate the remainder when 1945 is divided by 1842.
103
Calculate the remainder when 3909 is divided by 1149.
462
What is the remainder when 1715607 is divided by 15?
12
Calculate the remainder when 4628 is divided by 1939.
750
Calculate the remainder when 25413 is divided by 8388.
249
Calculate the remainder when 62785 is divided by 56.
9
What is the remainder when 837 is divided by 77?
67
Calculate the remainder when 55054 is divided by 266.
258
Calculate the remainder when 121806 is divided by 154.
146
What is the remainder when 36401 is divided by 184?
153
Calculate the remainder when 24167 is divided by 237.
230
Calculate the remainder when 1031839 is divided by 103.
88
What is the remainder when 54340 is divided by 210?
160
What is the remainder when 1874 is divided by 346?
144
Calculate the remainder when 30781 is divided by 30715.
66
What is the remainder when 9455 is divided by 62?
31
Calculate the remainder when 536349 is divided by 83.
3
What is the remainder when 6845 is divided by 1403?
1233
What is the remainder when 615 is divided by 69?
63
What is the remainder when 2165 is divided by 67?
21
Calculate the remainder when 126284 is divided by 81.
5
Calculate the remainder when 237391 is divided by 1089.
1078
Calculate the remainder when 1250697 is divided by 825.
822
What is the remainder when 4344 is divided by 4297?
47
Calculate the remainder when 281 is divided by 220.
61
Calculate the remainder when 4027470 is divided by 661.
658
What is the remainder when 29080 is divided by 13?
12
Calculate the remainder when 8713 is divided by 272.
9
Calculate the remainder when 63791 is divided by 220.
211
Calculate the remainder when 398721 is divided by 3909.
3
Calculate the remainder when 324893 is divided by 519.
518
Calculate the remainder when 3331 is divided by 70.
41
What is the remainder when 1986 is divided by 1571?
415
Calculate the remainder when 4306 is divided by 144.
130
Calculate the remainder when 1289785 is divided by 89.
86
Calculate the remainder when 597671 is divided by 352.
327
What is the remainder when 68418 is divided by 157?
123
Calculate the remainder when 48406 is divided by 356.
346
Calculate the remainder when 46496 is divided by 15441.
173
Calculate the remainder when 28235 is divided by 5488.
795
What is the remainder when 9184 is divided by 91?
84
Calculate the remainder when 16691 is divided by 742.
367
What is the remainder when 223297 is divided by 220?
217
Calculate the remainder when 684765 is divided by 224.
221
What is the remainder when 7701 is divided by 68?
17
What is the remainder when 11365902 is divided by 15?
12
Calculate the remainder when 3070 is divided by 2919.
151
What is the remainder when 20189 is divided by 46?
41
What is the remainder when 445665 is divided by 14855?
15
What is the remainder when 1323 is divided by 402?
117
Calculate the remainder when 112554 is divided by 678.
6
Calculate the remainder when 4642 is divided by 143.
66
What is the remainder when 2557422 is divided by 195?
192
Calculate the remainder when 2843 is divided by 1387.
69
What is the remainder when 58546 is divided by 226?
12
Calculate the remainder when 62005 is divided by 1289.
133
Calculate the remainder when 124598 is divided by 35.
33
Calculate the remainder when 37147 is divided by 74.
73
Calculate the remainder when 29906 is divided by 564.
14
Calculate the remainder when 11764 is divided by 83.
61
Calculate the remainder when 2113 is divided by 63.
34
What is the remainder when 1445 is divided by 142?
25
What is the remainder when 35148 is divided by 2330?
198
What is the remainder when 6331 is divided by 42?
31
Calculate the remainder when 16930 is divided by 5631.
37
Calculate the remainder when 127 is divided by 38.
13
Calculate the remainder when 108400 is divided by 1485.
1480
Calculate the remainder when 80323 is divided by 2294.
33
Calculate the remainder when 139259 is divided by 16.
11
Calculate the remainder when 18785 is divided by 186.
185
Calculate the remainder when 127011 is divided by 42332.
15
What is the remainder when 19708 is divided by 88?
84
Calculate the remainder when 1685 is divided by 383.
153
Calculate the remainder when 17587 is divided by 79.
49
What is the remainder when 1787 is divided by 87?
47
Calculate the remainder when 278540 is divided by 99.
53
What is the remainder when 13175 is divided by 736?
663
What is the remainder when 85380 is divided by 477?
474
Calculate the remainder when 771 is divided by 181.
47
Calculate the remainder when 37071 is divided by 124.
119
What is the remainder when 256604 is divided by 110?
84
What is the remainder when 19881 is divided by 122?
117
Calculate the remainder when 2911 is divided by 153.
4
Calculate the remainder when 978 is divided by 308.
54
Calculate the remainder when 1820 is divided by 178.
40
What is the remainder when 2708 is divided by 35?
13
What is the remainder when 14824 is divided by 862?
170
What is the remainder when 1455 is divided by 1226?
229
Calculate the remainder when 5740 is divided by 30.
10
Calculate the remainder when 1214086 is divided by 17.
14
What is the remainder when 12504 is divided by 1133?
41
Calculate the remainder when 32497 is divided by 100.
97
What is the remainder when 7456 is divided by 21?
1
Calculate the remainder when 1712 is divided by 425.
12
What is the remainder when 16375 is divided by 21?
16
Calculate the remainder when 2030651 is divided by 117.
116
What is the remainder when 15092 is divided by 21?
14
What is the remainder when 213389 is divided by 42676?
9
Calculate the remainder when 93410 is divided by 121.
119
Calculate the remainder when 34275 is divided by 176.
131
What is the remainder when 608717 is divided by 140?
137
Calculate the remainder when 579481 is divided by 398.
391
Calculate the remainder when 11785 is divided by 2920.
105
Calculate the remainder when 3703 is divided by 506.
161
Calculate the remainder when 193170 is divided by 48288.
18
Calculate the remainder when 3268 is divided by 3192.
76
What is the remainder when 65308 is divided by 1864?
68
What is the remainder when 42894 is divided by 21443?
8
Calculate the remainder when 59563 is divided by 166.
135
What is the remainder when 6746 is divided by 1384?
1210
Calculate the remainder when 619487 is divided by 162.
161
Calculate the remainder when 1561 is divided by 32.
25
What is the remainder when 5098 is divided by 285?
253
What is the remainder when 1780 is divided by 417?
112
Calculate the remainder when 21519 is divided by 1773.
243
Calculate the remainder when 179505 is divided by 470.
435
Calculate the remainder when 2237 is divided by 846.
545
Calculate the remainder when 2368310 is divided by 2594.
2582
What is the remainder when 32464 is divided by 26?
16
What is the remainder when 1449 is divided by 696?
57
Calculate the remainder when 1380040 is divided by 7.
4
What is the remainder when 37540 is divided by 853?
8
What is the remainder when 6120 is divided by 84?
72
Calculate the remainder when 1709 is divided by 246.
233
What is the remainder when 4427 is divided by 128?
75
What is the remainder when 16675 is divided by 16539?
136
What is the remainder when 632 is divided by 79?
0
Calculate the remainder when 13466 is divided by 59.
14
Calculate the remainder when 12933 is divided by 8.
5
Calculate the remainder when 129162 is divided by 7.
5
What is the remainder when 1828348 is divided by 5?
3
Calculate the remainder when 52095 is divided by 13018.
23
What is the remainder